{"id":263,"date":"2009-10-12T16:49:00","date_gmt":"2009-10-12T14:49:00","guid":{"rendered":"http:\/\/hedangens.se\/?page_id=263"},"modified":"2009-10-23T18:33:57","modified_gmt":"2009-10-23T16:33:57","slug":"2008","status":"publish","type":"page","link":"https:\/\/hedangens.se\/?page_id=263","title":{"rendered":"2008"},"content":{"rendered":"<div id=\"attachment_264\" style=\"width: 246px\" class=\"wp-caption alignright\"><img aria-describedby=\"caption-attachment-264\" loading=\"lazy\" class=\"size-full wp-image-264\" title=\"valle\" src=\"http:\/\/hedangens.se\/wp-content\/uploads\/2009\/10\/valle.jpg\" alt=\"Hed\u00e4ngens Valentin\" width=\"236\" height=\"227\" \/><p id=\"caption-attachment-264\" class=\"wp-caption-text\">Hed\u00e4ngens Valentin<\/p><\/div>\n<p>08-12-10 S\u00e5 har vi fattat ett beslut \u00f6ver att b\u00f6rja leta efter ett nytt hem \u00e5t v\u00e5ran &#8220;m\u00fcnsterkille&#8221; Valentin (Valle.) Han \u00e4r f\u00f6dd 07-10-30. En trevlig, pigg och glad hund med mycket &#8220;motor&#8221; vilket hela kullen verkar ha. Tre av sju \u00e4r redan startade p\u00e5 jaktprov med andrapris (6 i betyg) varav Valle \u00e4r en av dom. Han har hittills varit l\u00e4ttl\u00e4rd att b\u00e5de f\u00f6ra p\u00e5 f\u00e4ltet och i f\u00e5gelsituationer. Apporteringen har funnits spontant och han var inte gammal n\u00e4r han kollade in Fl\u00e4kta n\u00e4r hon apporterade r\u00e4v, f\u00f6r att sedan spontant sj\u00e4lv b\u00f6rja sl\u00e4pa runt r\u00e4ven. Vatten \u00e4lskar han och har inga problem med apporten. Han har en h\u00f6g intensitet och saker h\u00e4nder snabbt, men det \u00e4r ocks\u00e5 det som g\u00f6r honom rolig men som \u00e4ven kr\u00e4ver en fast hand. Vill du veta mer om Valle \u00e4r ni v\u00e4lkomna att ringa oss.<\/p>\n<p>08-12-08 Ig\u00e5r kom Johanna och Peter och h\u00e4lsade p\u00e5. Peter skulle hj\u00e4lpa till med \u00e4lgjakten och under tiden tog jag och Johanna en liten jakttur p\u00e5 fasanerna. Peter och Johanna har ju nyligen skaffat sig varsin Breton, Johannas &#8220;Riva&#8221; \u00e4r bara 7 m\u00e5nader och Peters &#8220;\u00c4lva&#8221; n\u00e5got \u00e4ldre. F\u00f6r att inte vara \u00e4ldre och st\u00f6rre i format var det imponerande att se den h\u00e4r lilla krabaten Riva jobba p\u00e5 f\u00f6r att hitta f\u00e5gel. Jaktiver fanns, det var det ingen tvekan \u00f6ver. F\u00f6r Johanna var det f\u00f6rsta g\u00e5ngen som b\u00f6ssan var med. Fr\u00e5n att f\u00f6rsta g\u00e5ngen vara lite tveksam till att ladda fanns ingen i slutet p\u00e5 dagen. Kul..Tyckte Peter. S\u00e5 nu f\u00e5r vi en extra skytt med till fj\u00e4llen i \u00e5r. Dessv\u00e4rre, jakten f\u00f6r dagen, hade vi mycket h\u00f6nor p\u00e5 vingarna och d\u00e5 vi best\u00e4mt att vi inte jagar p\u00e5 h\u00f6nor fick vi sn\u00e4llt l\u00e5ta bli att lossa skott. Dessb\u00e4ttre \u00e4r \u00e4nd\u00e5 att det finns s\u00e5 mycket h\u00f6nor kvar, det borde gynna stammen till n\u00e4sta \u00e5r. Vi hade en trevlig eftermiddag i alla fall !!<\/p>\n<p>\u00c4lgen blev ocks\u00e5 f\u00e4lld. En \u00e4lgtjur, s\u00e5 nu \u00e4r \u00e4lgjakten slut f\u00f6r i \u00e5r.<\/p>\n<p>Isa b\u00f6rjar bli rund om magen och nu \u00e4r det inget att tveka p\u00e5 l\u00e4ngre utan att hon har bebisar i magen.<\/p>\n<p>Isa \u00e4r parad med Str\u00e4vsamma Caliber och det v\u00e4ntas valpari b\u00f6rjan av januari.<\/p>\n<p>08-11-28 Idag hade vi ett s\u00e4rskilt f\u00e4lt prov h\u00e4r hemma Hed\u00e4ng. Birger Knutsson kom hit f\u00f6r att d\u00f6ma de sex ekipage som anm\u00e4lt sig. Det bj\u00f6ds p\u00e5 b\u00e5de rapph\u00f6ns och fasaner, f\u00e5glarna var inte s\u00e5 l\u00e4tta att hantera s\u00e5 h\u00e4r sent p\u00e5 s\u00e4songen och b\u00e5de hundar och f\u00f6rare fick vara p\u00e5 sin vakt. Fem av sex gick \u00e4nd\u00e5 till pris med olika val\u00f6rer och vi s\u00e4ger Grattis till alla !! men dock vill vi \u00e4nd\u00e5 ge ett extra grattis till &#8220;de v\u00e5ra&#8221; d\u00e5 Jimmy och Elsa (Hed\u00e4ngens G-Tosca) som fick sin andra \u00d6kl etta och d\u00e4rmed intr\u00e4desbiljetten till elitklassen n\u00e4sta s\u00e4song. \u00c4ven P-A och Pepsi (Hed\u00e4ngens G-Biskvi) gjorde ett bra jobb och fick ett andrapris \u00d6kl. S\u00e5 ett stort grattis till er fr\u00e5n oss. !!!<\/p>\n<p>08-11-25 Ytterligare en av Tindras senaste valpar som nu \u00e4r 13 m\u00e5nader har f\u00e5tt ett andrapris p\u00e5 f\u00e4ltet. Det \u00e4r Bj\u00f6rn och Kaksi (Hed\u00e4ngens Elin) som vi ger ett stort Grattis !! Dom har \u00e4ven varit med p\u00e5 utst\u00e4llningen i sk\u00e5ne med fina framg\u00e5ngar. J\u00e4ttekul !!<\/p>\n<p>08-10-19 Rapporterna forts\u00e4tter att trilla in&#8230;. Idag startade Erik Nylund p\u00e5 ett av \u00f6stras f\u00e4ltprov med sin m\u00fcnster Flisa (Fransola) och lyckades kamma hem ett andrapris med 6 p\u00e5 f\u00e4lt. Ett J\u00c4TTEGRATTIS !!!<\/p>\n<p>Jimmy och Elsa provade lyckan p\u00e5 sk\u00e5neprovet och l\u00e5g svindlande n\u00e4ra sin andra \u00f6ppenklassetta, men som jag sj\u00e4lv har f\u00e5tt inskrivet i provkritiken en g\u00e5ng &#8221; hunden apporterade f\u00e5geln utan f\u00f6rarens till\u00e5telse&#8221; &#8211; Ja, ni f\u00e5r dra slutsatsen sj\u00e4lva av varf\u00f6r det slutade med ett andrapris&#8230;. Ett j\u00e4ttegrattis \u00e4nd\u00e5 !!!!<\/p>\n<p>08-10-14 Det har varit stora framg\u00e5ngar f\u00f6r Hed\u00e4ngens kennel sista tiden vilket \u00e4r mycket gl\u00e4djande att skriva om. P\u00e5 v\u00e4stsvenskas f\u00e4ltprov pratades det om en 11 m\u00e5naders valp som g\u00e5tt riktigt bra s\u00f6km\u00e4ssigt i unghundsklass. Det var Bj\u00f6rns tik Kaksi ( Hed\u00e4ngens Elin). Tyv\u00e4rr kom hon inte f\u00f6r f\u00e5gel p\u00e5 provet men \u00e4nd\u00e5 satt ett gott intryck. En annan som ocks\u00e5 startade p\u00e5 samma prov var Christer och Mazarin. Ryktet gick \u00e4ven d\u00e4r att det g\u00e5tt riktigt bra s\u00f6km\u00e4ssigt men tyv\u00e4rr inte kommit f\u00f6r f\u00e5gel. Erik Nylund startade sin Flisa (Hed\u00e4ngens Fransola) p\u00e5 Gotland. P\u00e5 det odelade provet gick hon bra och var en av dom som fortfarande var med i leken men tyv\u00e4rr strulade vattenapporten och s\u00e5 fort kan det g\u00e5 mellan att fortfarande vara p\u00e5 topp till att vara ute ur leken. S\u00e5 \u00e4r det ibland, tro mig, jag vet. Samma helg fixade ju Storm sitt championat som jag skrivit om nedan. N\u00e5gra dagar senare ringde en lycklig M\u00fcnster\u00e4gare, n\u00e4mligen Lisbet med Ylva (Hed\u00e4ngens Franconia). Dom hade startat p\u00e5 ett s\u00e4rskilt prov i Alings\u00e5s hos Birger Knutsson som \u00e4ven d\u00f6mde och fick en intr\u00e4desbiljett fr\u00e5n \u00d6kl direkt till elitklassen med en 8 i f\u00e4ltbetyg. GRATTIS !! I helgen var det dags igen&#8230; \u00d6landsprovet stod f\u00f6r d\u00f6rren och det var fyra hundar med fr\u00e5n Hed\u00e4ngens. Jimmy och Elsa (Hed\u00e4ngens G-Tosca) startade sitt f\u00f6rsta prov i \u00d6kl, fick en 7 i f\u00e4ltbetyg och d\u00e4rmed sin f\u00f6rsta \u00f6ppenklassetta. Katarina och Loka mjukstartade p\u00e5 l\u00f6rdagen med ett andrapris f\u00f6r att p\u00e5 s\u00f6ndagen g\u00e5 upp sig och kamma hem ett f\u00f6rstapris och \u00e4ven dom nu klara f\u00f6r Elitklassen. Ett J\u00e4tte Grattis till er !! L\u00f6rdag kv\u00e4ll var det dags igen&#8230; Agneta Aldor med Klara ringde och ber\u00e4ttade att dom startat p\u00e5 ett av \u00d6stras prov och f\u00e5tt ett andrapris med 6 p\u00e5 f\u00e4lt. Icke att f\u00f6rgl\u00f6mma.. hunden \u00e4r blott 11 m\u00e5nader gammal. Supergrattis !! Ett litet grattis till oss sj\u00e4lva f\u00e5r man v\u00e4l ocks\u00e5 kosta p\u00e5 sig .. Tomas startade v\u00e5r Valle (Valentin) p\u00e5 \u00d6land och lyckades \u00e4ven dom f\u00e5 ett andrapris med 6 p\u00e5 f\u00e4lt.. kullbror med Klara och Kaksi, s\u00e5 \u00e4ven han knappt ett \u00e5r. Jag startade Fl\u00e4kta i Ekl. Hon k\u00e4ndes inte p\u00e5 topp s\u00f6km\u00e4ssigt men lyckades hitta en rapph\u00f6nskull i slutet p\u00e5 dagen som hon sk\u00f6tte f\u00f6rtj\u00e4nstfullt, men vi fick n\u00f6ja oss med ett andrapris f\u00f6r dagen.<\/p>\n<p>Vi s\u00e4ger \u00e4ven GRATTIS till Anders Johansson med Hobbe och Karin Lind med Esko som p\u00e5 fj\u00e4llprovet i Mitt\u00e5dalen kammade hem n\u00e5gra andrapris i \u00f6ppenklassen.<\/p>\n<p>Slutsatsen av en period p\u00e5 bara ett par veckor, vad jag har f\u00e5tt rapporter om, \u00e4r att Tindra har 6 avkommor som startat, varav 5 g\u00e5tt till pris, varav en avkomma i varje kull (f\u00f6rutom den senaste) som kvalificerat sig f\u00f6r elitklassen.<\/p>\n<p>Isa har 6 avkommor som startat det senaste, varav en blivit jaktchampion, och Hed\u00e4ngens kennel 12 hundar som \u00e4r jaktprovsstartade.<\/p>\n<p>Nu f\u00e5r det vara nog med skryt, men som uppf\u00f6dare finns det inget roligare att skriva om \u00e4n just n\u00e4r det g\u00e5r bra f\u00f6r alla n\u00f6jda och glada valpk\u00f6pare.<\/p>\n<p>Vi ger er alla stora Grattis kramar och \u00e4r j\u00e4ttestolta !!!!<\/p>\n<p>08-10-06 I helgen hade v\u00e4stsvenska sitt elitprov. Det genomf\u00f6rdes p\u00e5, f\u00f6r v\u00e4stsvenska avdelningen nya marker, vid Almn\u00e4s bruk i Hjo. Mycket fina marker d\u00e4r det finns b\u00e5de rapph\u00f6ns och fasaner. Sju hundar kom till start, G\u00f6ran Stamborg var domare, Marita och Erik R\u00f6dstr\u00f6m stod som provledare\/markvisare. Dagen b\u00f6rjade lite misstr\u00f6stande d\u00e5 v\u00e4dergudarna inte samarbetade. Det var bl\u00e5sigt och regnet stod som sp\u00f6 i backen, vilket resulterade i att f\u00e5glarna var oroliga och l\u00e4ttade av i princip ingenting. Det var ingen l\u00e4tt uppgift f\u00f6r hundarna att varken finna f\u00e5geln och att sen f\u00e5 den att trycka. Bara Annika och Jackson hittade p\u00e5 f\u00f6rmiddan en kull rapph\u00f6ns som dom sk\u00f6tte f\u00f6rtj\u00e4nstfullt. Efter en god helglunch p\u00e5 golfrestaurangen (som ligger i anslutning till marken) och d\u00e4r alla fick upp v\u00e4rmen n\u00e5gon timme var det dags f\u00f6r nya tag. Oturen med v\u00e4dret som vi haft p\u00e5 f\u00f6rmiddagen v\u00e4nde, regnet upph\u00f6rde, till och med solen tittade fram emellan\u00e5t och det blev en fin eftermiddag. Det k\u00e4ndes f\u00f6r alla lite mer hoppfullt att hitta f\u00e5gel och det st\u00e4mde. Eftermiddagen bj\u00f6d p\u00e5 fina situationer och fem ekipage lyckades visa upp f\u00f6r domaren att deras hundar klarade f\u00e5glarna bra. Resultatet blev sex pristagare av sju. Den som inte fick pris var jag och Fl\u00e4kta, &#8220;thats life&#8221;. Roligt var \u00e4nd\u00e5 att det \u00e4r nog i s\u00e4rklass det elitprov jag sj\u00e4lv g\u00e5tt n\u00e5gon g\u00e5ng hittills d\u00e4r det varit h\u00f6g standard p\u00e5 hundarna i gruppen. N\u00e5gra av hundarna gick lite b\u00e4ttre i sl\u00e4pp men ingen av hundarna f\u00f6rbr\u00f6t sig v\u00e4rre n\u00e5gon g\u00e5ng under dagen och alla h\u00e4ngde med till slutet (\u00e4ven Fl\u00e4kta). Det resulterade i att vi h\u00f6ll dagen ut och provet avslutades runt sex tiden p\u00e5 kv\u00e4llen. En stor eloge vill vi ge b\u00e5de domare och framf\u00f6r allt provledare\/markvisare f\u00f6r att ni verkligen ville ge alla chansen att visa upp vad som beh\u00f6vdes. I mitt tycke och jag \u00e4r \u00f6vertygad fler med mig, inget som kunde sk\u00f6tas b\u00e4ttre \u00e4n det gjorde !! Summa sumarum blev fyra f\u00f6rstapristagare en andra och en tredje. Av de fyra f\u00f6rstapristagarna blev tre jaktchampions. Claes Hemberg med Claesbons Onitra, Bengt med Avenbokens Majken och v\u00e5r egen Jan T\u00f6rnqvist med Hed\u00e4ngens E-Storm. Till saken h\u00f6r att just dagen till \u00e4ra fyllde Jan 40 \u00e5r (som vi firade med t\u00e5rta och s\u00e5ng vid lunch). B\u00e4ttre 40-\u00e5rs present till Jan kunde nog inte Storm hitta p\u00e5.<\/p>\n<p>Ett stort GRATTIS och tack till er alla f\u00f6r fin prestation !!!!<\/p>\n<p>08-09-08 Vi gratulerar Riksprovsvinnare 2008 Anders Landin&#8230;. \u00e5terigen&#8230; Vann gjorde han med sin Dagny, och kom trea med Jana. Ryktet gick omatt det var d\u00e5ligt med f\u00e5gel och h\u00e4r ser man vad viktigt det \u00e4r att hundarna \u00e4r lydiga och inte slarvar n\u00e4r chansen v\u00e4l kommer p\u00e5 f\u00e5gel. D\u00e5 blir man inte bara riksprovsvinnare utan f\u00e5r \u00e4ven mer givande jakt. Lydiga hundar = Lyckliga j\u00e4gare !!<\/p>\n<p>08-09-03 Den <strong><em><span style=\"text-decoration: underline;\">20-21 september<\/span><\/em><\/strong> har vi en f\u00e4lttr\u00e4ning f\u00f6r v\u00e5ra valpk\u00f6pare. \u00c4r det n\u00e5gon som ser detta h\u00e4r p\u00e5 hemsidan men inte f\u00e5tt separat mail (har tappat en del mailadresser) och vill vara med h\u00f6r av er s\u00e5 fort som m\u00f6jligt.<\/p>\n<p>08-08-18 Nu har det blivit l\u00e4ngesen sist igen med uppdateringar. En hel del har h\u00e4nt. Det har varit valptr\u00e4ff f\u00f6r Tindras sista kull och det s\u00e5g mycket lovande ut. Det var nog den lugnaste tr\u00e4ff vi n\u00e5gonsin haft, b\u00e5de p\u00e5 f\u00f6rare och hundar. Ska bli sp\u00e4nnande att f\u00e5 h\u00f6ra hur det g\u00e5r under h\u00f6sten.<\/p>\n<p>\u00c5rets riksutst\u00e4llning p\u00e5 Herrefallet kunde Hed\u00e4ngen flagga p\u00e5 topp. P-A:s\u00a0 Pepsi (Hed\u00e4ngens G-Biskvi) blev BIM och fick sitt f\u00f6rsta Cert.<\/p>\n<p>Sen var det ju World Dog Show i Stockholm. Jimmy skulle st\u00e4lla Elsa (Hed\u00e4ngens G-Tosca) och sin Weimaraner s\u00e5 jag liftade upp med dom. Elsa fick en etta och Weimaranen Leia blev sj\u00e4tte b\u00e4sta Weimaranertik.<\/p>\n<p>Jag sprang emellan vorsteh och M\u00fcnsterringen och hann precis med att se n\u00e4r Annika st\u00e4llde Jackson f\u00f6rsta g\u00e5ngen p\u00e5 dagen. Det visade sig att det hela slutade med gl\u00e4djet\u00e5rar och att dom fick en biljett till stora finalringen p\u00e5 eftermiddagen d\u00e5 Jackson blev World Winner Kleiner M\u00fcnsterl\u00e4nder.<\/p>\n<p>GRATTIS TILL ER !!!<\/p>\n<p>Vi tackar alla f\u00f6r trevliga fredagstr\u00e4ningar och hoppas att ni kommer att ha lite nytta till h\u00f6stens jakt av det vi tr\u00e4nat p\u00e5. Efters\u00f6ksgrenarna b\u00f6rjar bli avklarade f\u00f6r dom som vill starta p\u00e5 jaktprov och det \u00e4r bara att gratulera.<\/p>\n<p>Det b\u00f6rjar dra ihop sig f\u00f6r fj\u00e4lljakt och n\u00e4sta helg b\u00e4r det iv\u00e4g n\u00e5gra dagar.<\/p>\n<p>En j\u00e4gare vill ju inte bli \u00f6nskad god jakt, d\u00e4rf\u00f6r \u00f6nskar vi &#8220;skitjakt&#8221; till er alla !<\/p>\n<p>08-04-29 &#8220;Fredagstr\u00e4ningen&#8221; \u00e4r framflyttad till l\u00f6rdag den h\u00e4r veckan ist\u00e4llet. Fritt fram att komma efter kl 12. Vi skjuter \u00e4ven lite lerduvor och t\u00e4nder grillen p\u00e5 kv\u00e4llen.<\/p>\n<p>08-04-01 I helgen som gick hade v\u00e4stsvenska vorstehklubben sin \u00e5rliga utst\u00e4llning ihop med \u00e5rsm\u00f6tet. Ett trevligt arrangemang som f\u00f6rutom utst\u00e4llning bj\u00f6d p\u00e5 m\u00f6jligheten att exteri\u00f6rm\u00f6nstra sin hund, prova p\u00e5 skyttesimulator och st\u00e4lla upp p\u00e5 KM i apportering. N\u00e5gra &#8220;Hed\u00e4ngare&#8221; fanns med. Mazarin blev &#8220;m\u00f6nstrad&#8221;, lilla Kaksi (Elin) blev BIR valp, Jimmy och Elsa (Tosca) fick sitt f\u00f6rsta cert !!\u00a0 PA och Pepsi vann apporteringen f\u00f6r unghund.<\/p>\n<p>Jackson Brown (pappa till Tindras senaste kull) tog hem hela rasket med en BIS 1. Vi Gratulerar er Alla !!!!<\/p>\n<p>(&#8220;Fredagstr\u00e4ningarna&#8221; b\u00f6rjar rulla ig\u00e5ng s\u00e5 sm\u00e5tt, sl\u00e5 en signal eller maila f\u00f6r s\u00e4kerhets skull innan ni kommer.)<\/p>\n<p>08-02-25 I helgen hade vi valptr\u00e4ff f\u00f6r Tindra och Jacksons kull.<\/p>\n<p>08-02-12 Ja d\u00e5 har ett nytt \u00e5r p\u00e5b\u00f6rjats. Vi hoppas att f\u00e5 mycket roligt att fylla nyhetssidan 2008 med.<\/p>\n<p>Det f\u00f6rsta \u00e4r en uppdatering med de nya \u00e4garna till den senaste valpkullen fr\u00e5n Tindra och Jackson.<\/p>\n<p><strong><em>F\u00f6rsta nyheten f\u00f6r i \u00e5r \u00e4r kanske sv\u00e5rslagen. Carl Fredrik och Nelson \/Hed\u00e4ngens Farento rapporterade att dom f\u00e5tt utm\u00e4rkelsen: <\/em><\/strong><\/p>\n<p><strong><em><span style=\"text-decoration: underline;\">&#8220;\u00c5rets unghund 2007 samt \u00c5rets unghund kombinerat 2007 i Norge.&#8221;<\/span><\/em><\/strong><\/p>\n<p><strong><em>Vi lyfter verkligen p\u00e5 hatten till Carl Fredrik och Nelson !!! <\/em><\/strong><\/p>\n","protected":false},"excerpt":{"rendered":"<p>08-12-10 S\u00e5 har vi fattat ett beslut \u00f6ver att b\u00f6rja leta efter ett nytt hem \u00e5t v\u00e5ran &#8220;m\u00fcnsterkille&#8221; Valentin (Valle.) Han \u00e4r f\u00f6dd 07-10-30. En trevlig, pigg och glad hund med mycket &#8220;motor&#8221; vilket hela kullen verkar ha. Tre av sju \u00e4r redan startade p\u00e5 jaktprov med andrapris (6 i betyg) varav Valle \u00e4r en [&hellip;]<\/p>\n","protected":false},"author":1,"featured_media":0,"parent":0,"menu_order":0,"comment_status":"open","ping_status":"open","template":"","meta":{"ngg_post_thumbnail":0},"_links":{"self":[{"href":"https:\/\/hedangens.se\/index.php?rest_route=\/wp\/v2\/pages\/263"}],"collection":[{"href":"https:\/\/hedangens.se\/index.php?rest_route=\/wp\/v2\/pages"}],"about":[{"href":"https:\/\/hedangens.se\/index.php?rest_route=\/wp\/v2\/types\/page"}],"author":[{"embeddable":true,"href":"https:\/\/hedangens.se\/index.php?rest_route=\/wp\/v2\/users\/1"}],"replies":[{"embeddable":true,"href":"https:\/\/hedangens.se\/index.php?rest_route=%2Fwp%2Fv2%2Fcomments&post=263"}],"version-history":[{"count":4,"href":"https:\/\/hedangens.se\/index.php?rest_route=\/wp\/v2\/pages\/263\/revisions"}],"predecessor-version":[{"id":479,"href":"https:\/\/hedangens.se\/index.php?rest_route=\/wp\/v2\/pages\/263\/revisions\/479"}],"wp:attachment":[{"href":"https:\/\/hedangens.se\/index.php?rest_route=%2Fwp%2Fv2%2Fmedia&parent=263"}],"curies":[{"name":"wp","href":"https:\/\/api.w.org\/{rel}","templated":true}]}}